
True
Is 149736 a multiple of 24?
True
Is 52661 a multiple of 3?
False
Is 52 a factor of 29640?
True
Is 1741146 a multiple of 341?
True
Is 320 a factor of 52160?
True
Is 1776287 a multiple of 523?
False
Does 775 divide 226300?
True
Is 26045 even?
False
Does 401 divide 4456714?
True
Does 21 divide 25718897?
False
Is 9 a factor of 34979?
False
Does 26 divide 754781?
False
Is 21987 a multiple of 63?
True
Is 17370 a multiple of 30?
True
Is 59 a factor of 6798980?
False
Is 96475 a multiple of 85?
True
Does 8 divide 4774?
False
Is 1571912 a multiple of 8?
True
Is 101 a factor of 574708?
False
Is 70467 a multiple of 295?
False
Is 337 a factor of 30442633?
False
Does 10 divide 8823360?
True
Is 238 a factor of 8545390?
True
Is 84240 a multiple of 18?
True
Is 273 a factor of 1745562?
True
Is 87 a factor of 67512?
True
Does 42 divide 29115?
False
Does 416 divide 725614?
False
Is 5753332 a multiple of 22?
False
Does 133 divide 1477896?
True
Does 76 divide 231534?
False
Does 86 divide 1672954?
False
Does 67 divide 236859?
False
Is 173 a factor of 164523?
True
Does 155 divide 4607065?
True
Is 11076 a multiple of 72?
False
Does 152 divide 75088?
True
Does 69 divide 51427?
False
Is 1168321 a multiple of 22?
False
Is 91032 a multiple of 24?
True
Is 178764 a multiple of 6?
True
Is 1854128 a multiple of 111?
False
Is 461395 a multiple of 55?
True
Is 30208 a multiple of 59?
True
Is 22133496 a multiple of 319?
True
Is 341604 a multiple of 12?
True
Is 850725 a multiple of 199?
True
Does 58 divide 3606156?
False
Is 24724392 a multiple of 12?
True
Is 55727 a multiple of 11?
False
Is 1123866 a multiple of 174?
True
Is 866804 a multiple of 72?
False
Is 50 a factor of 583564?
False
Does 58 divide 176175?
False
Is 4 a factor of 30965?
False
Does 164 divide 18114784?
True
Is 442 a factor of 30489602?
True
Does 9 divide 2785289?
False
Does 186 divide 2618806?
False
Does 7 divide 10381?
True
Does 45 divide 13348170?
True
Is 160 a factor of 89012?
False
Is 99657 a multiple of 15?
False
Does 295 divide 883820?
True
Is 4290525 a multiple of 9?
True
Is 1088 a factor of 4565096?
False
Is 3403952 a multiple of 5?
False
Does 16 divide 245552?
True
Does 1633 divide 2856117?
True
Is 1176842 a multiple of 19?
False
Is 4742701 a multiple of 36?
False
Is 9 a factor of 80117?
False
Does 39 divide 12090?
True
Is 42990012 a multiple of 291?
True
Is 17 a factor of 3607553?
True
Is 1519455 even?
False
Is 813428 a multiple of 22?
True
Does 90 divide 1948860?
True
Is 3 a factor of 1487?
False
Is 80 a factor of 123600?
True
Is 31 a factor of 10201875?
False
Is 61 a factor of 15168964?
False
Is 4 a factor of 43972?
True
Is 150 a factor of 481723?
False
Does 481 divide 4411732?
True
Is 1369725 a multiple of 344?
False
Is 9 a factor of 11407015?
False
Does 10 divide 242410?
True
Is 4 a factor of 150606?
False
Is 49855 a multiple of 9?
False
Does 85 divide 3233570?
True
Is 17 a factor of 609025?
True
Does 95 divide 360335?
True
Is 29799 a multiple of 43?
True
Is 75520 a multiple of 8?
True
Is 76440 a multiple of 56?
True
Does 15 divide 79916?
False
Is 924528 a multiple of 136?
True
Is 28 a factor of 5730116?
True
Does 139 divide 9364515?
False
Does 36 divide 205560?
True
Is 607 a factor of 4613235?
False
Does 151 divide 3892249?
False
Does 235 divide 86245?
True
Is 880 a factor of 5882865?
False
Does 13 divide 960669?
False
Does 494 divide 2077984?
False
Is 19 a factor of 806037?
True
Does 287 divide 273233?
False
Does 57 divide 16105258?
False
Is 591647 a multiple of 7?
True
Is 4089238 a multiple of 6?
False
Is 2268442 a multiple of 38?
False
Is 184 a factor of 43424?
True
Does 384 divide 42240?
True
Does 11 divide 9035279?
True
Is 35 a factor of 3024035?
True
Is 246 a factor of 1883251?
False
Is 7 a factor of 37746?
False
Is 86 a factor of 1061197?
False
Is 7 a factor of 183422?
False
Is 35 a factor of 99575?
True
Is 10 a factor of 23519690?
True
Does 213 divide 16345082?
False
Is 51 a factor of 1274668?
False
Is 48 a factor of 167887?
False
Is 3706 a multiple of 30?
False
Does 242 divide 1310736?
False
Is 219019 a multiple of 41?
False
Does 51 divide 184059?
True
Does 15 divide 415270?
False
Is 13 a factor of 3139434?
False
Does 50 divide 4446?
False
Is 8973229 a multiple of 419?
False
Is 11377575 a multiple of 15?
True
Is 744 a multiple of 12?
True
Is 37530 a multiple of 12?
False
Is 49520 a multiple of 7?
False
Is 21 a factor of 68082?
True
Is 22746 a multiple of 151?
False
Is 9538 a multiple of 9?
False
Is 7 a factor of 397733?
True
Is 2541905 a multiple of 635?
True
Is 4515566 a multiple of 22?
True
Is 528291 a multiple of 10?
False
Is 3589425 a multiple of 1075?
True
Is 438001 a multiple of 95?
False
Does 548 divide 229893?
False
Is 124594 a multiple of 66?
False
Does 47 divide 83783?
False
Is 113 a factor of 177463?
False
Is 212 a factor of 27954?
False
Is 62 a factor of 307223?
False
Is 1621382 a multiple of 16?
False
Is 224399 a multiple of 99?
False
Is 23210 a multiple of 83?
False
Is 87 a factor of 280227?
True
Does 4 divide 2538377?
False
Does 19 divide 3233?
False
Is 120464 a multiple of 88?
False
Is 113225 a multiple of 3?
False
Does 21 divide 5406000?
False
Does 12 divide 51422?
False
Is 9510101 a multiple of 241?
True
Is 8 a factor of 37776?
True
Is 27 a factor of 48789?
True
Is 3239687 a multiple of 116?
False
Does 260 divide 914366?
False
Is 1226687 a multiple of 11?
True
Is 8036660 a multiple of 92?
True
Does 9 divide 92661?
False
Is 12286391 a multiple of 24?
False
Is 385 a factor of 469368?
False
Does 734 divide 161786?
False
Does 295 divide 3199275?
True
Does 2 divide 2639?
False
Does 331 divide 1836719?
True
Is 37 a factor of 4111477?
True
Is 1332174 a multiple of 2?
True
Is 744852 a multiple of 11?
False
Does 169 divide 4564018?
False
Does 2 divide 9250?
True
Is 24 a factor of 362039?
False
Is 11 a factor of 232463?
True
Is 606699 a multiple of 31?
False
Is 507780 a multiple of 20?
True
Does 768 divide 3651205?
False
Is 3 a factor of 2448462?
True
Is 3329790 a multiple of 10?
True
Is 928035 a multiple of 45?
True
Does 9 divide 13350?
False
Does 291 divide 90991?
False
Is 148 a factor of 492394?
False
Is 84508 a multiple of 148?
True
Is 1248690 a multiple of 39?
False
Is 6 a factor of 452460?
True
Is 44 a factor of 1679318?
False
Is 209454 a multiple of 629?
False
Does 1544 divide 1031392?
True
Is 78 a factor of 26547459?
False
Does 44 divide 33880?
True
Does 6 divide 440028?
True
Does 13 divide 11930?
False
Is 4098248 a multiple of 203?
False
Is 36 a factor of 22104?
True
Does 27 divide 9153?
True
Is 1916999 a multiple of 67?
False
Does 908 divide 5354773?
False
Does 4 divide 1009283?
False
Is 10 a factor of 158560?
True
Does 16 divide 889562?
False
Is 174 a factor of 2447658?
True
Is 2552840 a multiple of 29?
False
Is 32 a factor of 30816?
True
Does 90 divide 1402?
False
Is 601 a factor of 5856888?
False
Is 71584 a multiple of 59?
False
Does 70 divide 28909?
False
Is 6026509 a multiple of 176?
False
Does 150 divide 869550?
True
Is 815494 a multiple of 94?
False
Is 28 a factor of 32480?
True
Is 3484095 a multiple of 261?
False
Is 881 a multiple of 11?
False
Does 279 divide 1310449?
False
Is 51 a factor of 45186?
True
Is 19 a factor of 1176994?
False
Is 986169 a multiple of 271?
True
Is 499 a factor of 848001?
False
Is 6 a factor of 679882?
False
Is 1750861 a multiple of 873?
False
Does 20 divide 133606?
False
Does 5 divide 10175?
True
Is 44 a factor of 609765?
False
Does 51 divide 351492?
True
Is 530 a factor of 523363?
False
Does 20 divide 290129?
False
Is 21 a factor of 158634?
True
Does 217 divide 101869?
False
Is 806832 a multiple of 36?
True
Is 2979897 a multiple of 373?
True
Does 228 divide 5753232?
False
Is 262 a factor of 85945?
False
Is 699624 a multiple of 36?
True
Is 9 a factor of 588373?
False
Is 148672 a multiple of 4?
True
Is 142339 a multiple of 24?
False
Is 2069 a factor of 17031897?
False
Is 258989 a multiple of 43?
True
Is 12 a factor of 356331?
False
Is 137638 a multiple of 5?
False
Does 99 divide 73985?
False
Is 164 a factor of 6652704?
False
Is 392960 a multiple of 14?
False
Does 78 divide 3788382?
True
Is 159 a factor of 945732?
True
Is 303742 a multiple of 442?
False
Is 229 a factor of 3431971?
False
Does 48 divide 4938265?
False
Does 8 divide 